{"id":3,"date":"2023-11-21T13:43:32","date_gmt":"2023-11-21T13:43:32","guid":{"rendered":"https:\/\/abctaxi.at\/?page_id=3"},"modified":"2023-12-12T17:00:45","modified_gmt":"2023-12-12T17:00:45","slug":"impressum","status":"publish","type":"page","link":"https:\/\/abctaxi.at\/?page_id=3","title":{"rendered":"Impressum &#038; Datenschutz"},"content":{"rendered":"\n<p>Nach \u00a7 5 Abs. 1 des \u00f6sterreichischen eCommerce-Gesetz (ECG) und \u00a7 24 Mediengesetz geben wir hiermit uns als den Betreiber dieser Internetseite bekannt: Carina Bernhofer<\/p>\n\n\n\n<div class=\"wp-block-group is-vertical is-layout-flex wp-container-core-group-is-layout-8cf370e7 wp-block-group-is-layout-flex\">\n<p>Am Hammarain 175\/33<\/p>\n\n\n\n<p>5542 Flachau<\/p>\n\n\n\n<p>Tel.: 0664 114 58 58<\/p>\n\n\n\n<p>E-Mail:info@abctaxi.at<\/p>\n\n\n\n<p>Firmenname: Carina Bernhofer<\/p>\n<\/div>\n\n\n\n<p>Aufsichtsbeh\u00f6rde: Bezirkshauptmannschaft Sankt Johann im Pongau &#8211; Mitglied der Wirtschaftskammer Salzburg<\/p>\n\n\n\n<p>Firmenbuchnummer: UID: ATU 79921202<\/p>\n\n\n\n<h4 class=\"wp-block-heading\">Inhalt des Onlineangebotes<\/h4>\n\n\n\n<p>ABC-Taxi \u00fcbernimmt keinerlei Gew\u00e4hr f\u00fcr die Aktualit\u00e4t, Korrektheit, Vollst\u00e4ndigkeit oder Qualit\u00e4t der bereitgestellten Informationen. Haftungsanspr\u00fcche gegen ABC-Taxi, welche sich auf Sch\u00e4den materieller oder ideeller Art beziehen, die durch die Nutzung oder Nichtnutzung der dargebotenen Informationen bzw. durch die Nutzung fehlerhafter und unvollst\u00e4ndiger Informationen verursacht wurden, sind grunds\u00e4tzlich ausgeschlossen, sofern seitens ABC-Taxi kein nachweislich vors\u00e4tzliches oder grob fahrl\u00e4ssiges Verschulden vorliegt. Alle Angebote sind freibleibend und unverbindlich.ABC-Taxi beh\u00e4lt es sich ausdr\u00fccklich vor, Teile der Seiten oder das gesamte Angebot ohne gesonderte Ank\u00fcndigung zu ver\u00e4ndern, zu erg\u00e4nzen, zu l\u00f6schen oder die Ver\u00f6ffentlichung zeitweise oder endg\u00fcltig einzustellen.Verweise und LinksBei direkten oder indirekten Verweisen auf fremde Internetseiten, sogenannten \u201cLinks\u201d, die au\u00dferhalb des Verantwortungsbereiches des ABC-Taxi liegen, w\u00fcrde eine Haftungsverpflichtung ausschlie\u00dflich in dem Fall in Kraft treten, in dem ABC-Taxivon den Inhalten Kenntnis hat und selbiger technisch m\u00f6glich und zumutbar w\u00e4re, die Nutzung im Falle rechtswidriger Inhalte zu verhindern.ABC-Taxi erkl\u00e4rt hiermit ausdr\u00fccklich, dass zum Zeitpunkt der Linksetzung die entsprechenden verlinkten Seiten frei von illegalen Inhalten waren. Auf die aktuelle und zuk\u00fcnftige Gestaltung, die Inhalte oder die Urheberschaft der gelinkten, bzw. verkn\u00fcpften Seiten hat ABC-Taxi keinerlei Einfluss. Deshalb distanziert sich ABC-Taxi hiermit ausdr\u00fccklich von allen Inhalten aller gelinkten, bzw. verkn\u00fcpften Seiten, die nach der Linksetzung ver\u00e4ndert wurden. Diese Feststellung gilt f\u00fcr alle innerhalb des eigenen Internetangebotes gesetzten Links und Verweise sowie f\u00fcr Fremdeintr\u00e4ge in von dem Unternehmen eingerichteten Services wie G\u00e4steb\u00fcchern, Diskussionsforen, Mailinglisten und \u00e4hnlichem. F\u00fcr illegale, fehlerhafte oder unvollst\u00e4ndige Inhalte und insbesondere f\u00fcr Sch\u00e4den, die aus der Nutzung oder Nichtnutzung solcherart dargebotener Informationen entstehen, haftet allein der Anbieter der Seite, auf welche verwiesen wurde, nicht derjenige, der \u00fcber Links auf die jeweilige Ver\u00f6ffentlichung lediglich verweist.Urheber- und Kennzeichenrecht.<\/p>\n\n\n\n<p>Bildnachweis:ABC-Taxi, Pixabay.com &#8211; Bildrechte der Fotos von den Mitgliedern liegen bei den jeweiligen Betrieben selbst.<\/p>\n\n\n\n<p>Abc-Taxi ist bestrebt, in allen Publikationen die Urheberrechte der verwendeten Grafiken, Tondokumente, Videosequenzen und Texte zu beachten, von ihr selbst erstellte Grafiken, Tondokumente, Videosequenzen und Texte zu nutzen oder auf lizenzfreie Grafiken, Tondokumente, Videosequenzen und Texte zur\u00fcckzugreifen. Alle innerhalb des Internetangebotes genannten und ggf. durch Dritte gesch\u00fctzten Marken- und Warenzeichen unterliegen uneingeschr\u00e4nkt den Bestimmungen des jeweils g\u00fcltigen Kennzeichenrechts und den Besitzrechten der jeweiligen eingetragenen Eigent\u00fcmer. Allein aufgrund der blo\u00dfen Nennung ist nicht der Schluss zu ziehen, dass Markenzeichen nicht durch Rechte Dritter gesch\u00fctzt sind! Das Copyright f\u00fcr ver\u00f6ffentlichte, von Abc-Taxi selbst erstellte Objekte bleibt allein beim Besitzer der Seiten. Eine Vervielf\u00e4ltigung oder Verwendung solcher Grafiken, Tondokumente, Videosequenzen und Texte in anderen elektronischen oder gedruckten Publikationen ist ohne ausdr\u00fcckliche Zustimmung seitens Abc-Taxi nicht gestattet.Copyright\/HaftungIm Hinblick auf die technischen Eigenschaften des Internet kann keine Gew\u00e4hr f\u00fcr die Authentizit\u00e4t, Richtigkeit und Vollst\u00e4ndigkeit der im Internet zur Verf\u00fcgung gestellten Informationen \u00fcbernommen werden. Es wird auch keine Gew\u00e4hr f\u00fcr die Verf\u00fcgbarkeit oder den Betrieb der gegenst\u00e4ndlichen Website und ihrer Inhalte \u00fcbernommen. Jede Haftung f\u00fcr unmittelbare, mittelbare oder sonstige Sch\u00e4den, unabh\u00e4ngig von deren Ursachen, die aus der Benutzung oder Nichtverf\u00fcgbarkeit der Daten und Informationen dieser Website erwachsen, wird, soweit rechtlich zul\u00e4ssig, ausgeschlossen. Der Inhalt dieser Website ist urheberrechtlich gesch\u00fctzt. Die Informationen sind nur f\u00fcr die pers\u00f6nliche Verwendung bestimmt. Jede weitergehende Nutzung insbesondere die Speicherung in Datenbanken, Vervielf\u00e4ltigung und jede Form von gewerblicher Nutzung sowie die Weitergabe an Dritte auch in Teilen oder in \u00fcberarbeiteter Form ohne Zustimmung der jeweiligen Organisation ist untersagt. Jede Einbindung einzelner Seiten unseres Angebotes in fremde Frames ist zu unterlassen.<\/p>\n\n\n\n<p>Sonstiges<\/p>\n\n\n\n<p>Sofern Teile oder einzelne Formulierungen dieses Textes der geltenden Rechtslage nicht, nicht mehr oder nicht vollst\u00e4ndig entsprechen sollten, bleiben die \u00fcbrigen Teile des Dokumentes in ihrem Inhalt und ihrer G\u00fcltigkeit davon unber\u00fchrt.<\/p>\n\n\n\n<p>Google Analytics<\/p>\n\n\n\n<p>Diese Website benutzt Google Analytics, einen Webanalysedienst der Google Inc. (\u201eGoogle\u201c). Google Analytics verwendet sog. \u201eCookies\u201c, Textdateien, die auf Ihrem Computer gespeichert werden und die eine Analyse der Benutzung der Website durch Sie erm\u00f6glichen. Die durch den Cookie erzeugten Informationen \u00fcber Ihre Benutzung dieser Website (einschlie\u00dflich Ihrer IP-Adresse) wird an einen Server von Google in den USA \u00fcbertragen und dort gespeichert. Google wird diese Informationen benutzen, um Ihre Nutzung der Website auszuwerten, um Reports \u00fcber die Websiteaktivit\u00e4ten f\u00fcr die Websitebetreiber zusammenzustellen und um weitere mit der Websitenutzung und der Internetnutzung verbundene Dienstleistungen zu erbringen. Auch wird Google diese Informationen gegebenenfalls an Dritte \u00fcbertragen, sofern dies gesetzlich vorgeschrieben oder soweit Dritte diese Daten im Auftrag von Google verarbeiten. Google wird in keinem Fall Ihre IP-Adresse mit anderen Daten von Google in Verbindung bringen. Sie k\u00f6nnen die Installation der Cookies durch eine entsprechende Einstellung Ihrer Browser Software verhindern; wir weisen Sie jedoch darauf hin, dass Sie in diesem Fall gegebenenfalls nicht s\u00e4mtliche Funktionen dieser Website vollumf\u00e4nglich nutzen k\u00f6nnen. Durch die Nutzung dieser Website erkl\u00e4ren Sie sich mit der Bearbeitung der \u00fcber Sie erhobenen Daten durch Google in der zuvor beschriebenen Art und Weise und zu dem zuvor benannten Zweck einverstanden.<\/p>\n\n\n\n<p>Sollten Sie nicht haben wollen, dass Ihre IP-Adresse, Spracheinstellung, Endger\u00e4t usw. nicht von uns analysiert werden, so empfehlen wir die Verwendung des Google Analytics Browser-Add-on zur Deaktivierung von Google Analytics. Das Browser-Add-on zur Deaktivierung von Google Analytics gibt Ihnen mehr Kontrolle dar\u00fcber, welche Daten zu aufgerufenen Websites von Google Analytics erfasst werden. Das Add-on teilt dem JavaScript (ga.js) von Google Analytics mit, dass keine Informationen \u00fcber den Website-Besuch an Google Analytics \u00fcbermittelt werden sollen.<\/p>\n\n\n\n<p>Falls Sie diese Funktion nutzen m\u00f6chten, laden Sie das Add-on herunter und installieren Sie es f\u00fcr Ihren aktuellen Webbrowser. Das Browser-Add-on zur Deaktivierung von Google Analytics ist f\u00fcr Internet Explorer, Google Chrome, Mozilla Firefox Apple Safari und Opera verf\u00fcgbar.Downloadhttps:\/\/tools.google.com\/dlpage\/gaoptout?hl=de%20verlinkt%20werdenDatenschutzerkl\u00e4rung f\u00fcr die Nutzung von ShareThisDiese Website benutzt Plugins des Bookmarking Dienstes ShareThis, der angeboten wird von ShareThis Inc. (\u201cShareThis\u201d), 250 Cambridge Avenue, Palo Alto, CA 94306, USA. Beim Aufruf unserer Website erh\u00e4lt ShareThis Kenntnis von Ihrer IP-Adresse und davon, dass Sie mit dieser IP-Adresse die Website des ABC-Taxi besucht haben. Mithilfe der ShareThis-Plugins k\u00f6nnen Nutzer im Internet verf\u00fcgbare Lesezeichen zu Webseiten setzen und Links zu entsprechenden Webseiten in sozialen Netzwerken wie Twitter, Facebook, Xing oder Google+ teilen oder posten bzw. die dortigen Inhalte empfehlen. Wenn ein Website-Besucher eine dieser Funktionen nutzt und gleichzeitig auch bei dem entsprechenden Dienst (beispielsweise Twitter, Facebook oder Google+) online ist, dann wird der Besuch unserer Webseite dort dem jeweiligen Nutzer zugeordnet. Weitere Informationen zur Datenerhebung, Auswertung und Verarbeitung Ihrer Daten durch ShareThis sowie ihre darauf bezogenen Rechte k\u00f6nnen in der Datenschutzerkl\u00e4rung von ShareThis unter http:\/\/www.sharethis.com\/legal\/privacy\/ aufgerufen werden.<\/p>\n\n\n\n<h4 class=\"wp-block-heading\">Datenschutz &amp; Cookies<\/h4>\n\n\n\n<p>Datenschutzerkl\u00e4rung nach Telekommunikationsgesetz (TKG) und dem Datenschutzgesetz (DSG)Datenverarbeitung.<\/p>\n\n\n\n<p>Personenbezogene Daten, die Sie uns \u00fcber eine Webseite oder Email \u00fcbermittelt haben, werden nur zur Korrespondenz mit Ihnen und nur f\u00fcr den Zweck verarbeitet, zu dem Sie uns Ihre Daten zur Verf\u00fcgung gestellt haben. Die zur Verf\u00fcgung gestellten Daten werden ausschlie\u00dflich an die zust\u00e4ndige Stelle im Unternehmen weitergeleitet.<\/p>\n\n\n\n<p>Wir versichern, dass Ihre personenbezogenen Daten nicht an Dritte weitergegeben werden, es sei denn, dass gesetzliche Vorgaben dies verlangen.<\/p>\n\n\n\n<p>Datenspeicherung<\/p>\n\n\n\n<p>Die uns zur Verf\u00fcgung gestellten Daten werden nur so lange gespeichert, bis der Zweck erf\u00fcllt ist, zu dem sie uns anvertraut wurden. Sofern gesetzliche Aufbewahrungsfristen zu beachten sind, werden diese eingehalten.<\/p>\n\n\n\n<p>Sollten Sie mit der Speicherung Ihrer personenbezogenen Daten nicht mehr einverstanden sein, werden wir die gespeicherten Daten auf Ihre Weisung hin l\u00f6schen. Haben sich ihre personenbezogenen Daten ge\u00e4ndert, werden wir diese nach Ihrer Information richtigstellen.<\/p>\n\n\n\n<p>\u00c4ndern der Cookie-Einstellungen<\/p>\n\n\n\n<p>In Ihren Browsereinstellungen (z.B. Internet Explorer, Safari, Firefox, Chrome) k\u00f6nnen Sie festlegen, welche Cookies Sie zulassen oder ablehnen m\u00f6chten. Wo genau Sie diese Einstellungen finden, h\u00e4ngt von Ihrem Browser ab. Die entsprechenden Einstellungen finden Sie mit der Hilfefunktion Ihres Browsers.<\/p>\n\n\n\n<p>Online-Streitbeilegung<\/p>\n\n\n\n<p>Seit dem 9.1.2016 gilt die EU-Verordnung \u00fcber Online-Streitbeilegung in Verbraucherangelegenheiten (Nr. 524\/2013). Streitigkeiten zwischen Verbrauchern und H\u00e4ndlern im Zusammenhang von Online-Kaufvertr\u00e4gen oder Online-Dienstleistungsvertr\u00e4gen k\u00f6nnen \u00fcber folgende Online-Plattform beigelegt werden. http:\/\/ec.europa.eu\/consumers\/odr\/<\/p>\n\n\n\n<p>Uns ist die Sicherheit Ihrer Daten wichtig. Wir verwenden sie ausschlie\u00dflich zweckgebunden und geben sie nur dann an Dritte weiter, sofern diese in unserem ausdr\u00fccklichen Auftrag zur Zweckerf\u00fcllung beitragen. Nach EU-Datenschutz-Grundverordnung ( DSGVO) und nach dem Bundesgesetzblatt 2017\/120 ( LINK) der Republik \u00d6sterreich mit endg\u00fcltiger Wirksamkeit 25.5.2018 haben Nutzer das Recht, auf Antrag unentgeltlich Auskunft \u00fcber die personenbezogenen Daten zu erhalten, die wir \u00fcber sie gespeichert haben. Zus\u00e4tzlich hat jeder Kunde bzw. Nutzer jederzeit das Recht auf Berichtigung unrichtiger Daten, Sperrung und L\u00f6schung seiner personenbezogene Daten, soweit dem keine gesetzliche Aufbewahrungs- oder Meldepflichtpflicht entgegensteht.<\/p>\n","protected":false},"excerpt":{"rendered":"<p>Nach \u00a7 5 Abs. 1 des \u00f6sterreichischen eCommerce-Gesetz (ECG) und \u00a7 24 Mediengesetz geben wir hiermit uns als den Betreiber dieser Internetseite bekannt: Carina Bernhofer Am Hammarain 175\/33 5542 Flachau Tel.: 0664 114 58 58 E-Mail:info@abctaxi.at Firmenname: Carina Bernhofer Aufsichtsbeh\u00f6rde: Bezirkshauptmannschaft Sankt Johann im Pongau &#8211; Mitglied der Wirtschaftskammer Salzburg Firmenbuchnummer: UID: ATU 79921202 Inhalt&#8230;<\/p>\n","protected":false},"author":1,"featured_media":0,"parent":0,"menu_order":0,"comment_status":"closed","ping_status":"closed","template":"","meta":{"_kad_blocks_custom_css":"","_kad_blocks_head_custom_js":"","_kad_blocks_body_custom_js":"","_kad_blocks_footer_custom_js":"","_kadence_starter_templates_imported_post":false,"_kad_post_transparent":"","_kad_post_title":"","_kad_post_layout":"","_kad_post_sidebar_id":"","_kad_post_content_style":"","_kad_post_vertical_padding":"","_kad_post_feature":"","_kad_post_feature_position":"","_kad_post_header":false,"_kad_post_footer":false,"_kad_post_classname":"","footnotes":""},"class_list":["post-3","page","type-page","status-publish","hentry"],"taxonomy_info":[],"featured_image_src_large":false,"author_info":{"display_name":"admin","author_link":"https:\/\/abctaxi.at\/?author=1"},"comment_info":0,"_links":{"self":[{"href":"https:\/\/abctaxi.at\/index.php?rest_route=\/wp\/v2\/pages\/3","targetHints":{"allow":["GET"]}}],"collection":[{"href":"https:\/\/abctaxi.at\/index.php?rest_route=\/wp\/v2\/pages"}],"about":[{"href":"https:\/\/abctaxi.at\/index.php?rest_route=\/wp\/v2\/types\/page"}],"author":[{"embeddable":true,"href":"https:\/\/abctaxi.at\/index.php?rest_route=\/wp\/v2\/users\/1"}],"replies":[{"embeddable":true,"href":"https:\/\/abctaxi.at\/index.php?rest_route=%2Fwp%2Fv2%2Fcomments&post=3"}],"version-history":[{"count":5,"href":"https:\/\/abctaxi.at\/index.php?rest_route=\/wp\/v2\/pages\/3\/revisions"}],"predecessor-version":[{"id":890,"href":"https:\/\/abctaxi.at\/index.php?rest_route=\/wp\/v2\/pages\/3\/revisions\/890"}],"wp:attachment":[{"href":"https:\/\/abctaxi.at\/index.php?rest_route=%2Fwp%2Fv2%2Fmedia&parent=3"}],"curies":[{"name":"wp","href":"https:\/\/api.w.org\/{rel}","templated":true}]}}